16. List the prime factors of g.
2, 127
Let w = 116 + -202. Let v = w + 174. What are the prime factors of v?
2, 11
Suppose -49*n + 115*n - 559832 = 38*n. What are the prime factors of n?
2, 13, 769
Let w = -63 - -105. Let n = 42 - w. Suppose n*i = 2*i - 6. What are the prime factors of i?
3
Let a = 17031 - 12107. Suppose -196*x + 192*x + a = 0. What are the prime factors of x?
1231
Let d(f) = -f + 93. Let v be d(13). What are the prime factors of -21*v/(-12) + 6?
2, 73
Suppose -41739 = -2*z + 3*p, 5*z - 165503 + 61178 = 3*p. What are the prime factors of z?
2, 3, 19, 61
Let l(z) be the second derivative of 14*z**3/3 - 46*z**2 - 33*z. List the prime factors of l(21).
2, 31
Let d be 30/(-3)*(-11)/2. Let l(h) = h**3 - 22*h**2 + 22*h - 16. Let q be l(21). Let k = q + d. What are the prime factors of k?
2, 3, 5
Suppose 16098 = -38*h + 328. Suppose 2*r - 2*v = -176 - 248, 0 = 5*r + 2*v + 1067. Let a = r - h. List the prime factors of a.
2, 101
Let b = -41 - -46. Suppose 0 = b*c + 21 - 36. Suppose 5*a - 182 - 93 = -k, c*k = 0. What are the prime factors of a?
5, 11
Let j(p) = -11*p**3 - 20*p**2 - 11*p - 17. What are the prime factors of j(-7)?
3, 317
Let z(t) = -t**3 + 7*t**2 + 19*t - 9. Let q be z(9). Suppose -3*x - 15 = q, -5*i - 4*x + 532 = -1383. List the prime factors of i.
3, 43
Let j be 55/11 + (210 - (-2 - -6)). Let r = j + 437. List the prime factors of r.
2, 3
Suppose 2*s = -s, -3*f = -3*s - 9. Let n(v) = v**2 + 0 - 2*v**f + 3*v**3 - 10*v**2 - 21. List the prime factors of n(11).
13, 17
Suppose -31*o = -10*o - 118860. What are the prime factors of o?
2, 5, 283
Suppose 0 = -224*r - 136*r + 16175520. List the prime factors of r.
2, 47, 239
Let m = -85 + 84. Let f(z) = 3*z**2 - 3*z - 3. Let h be f(m). Let o(i) = 17*i**2 + 8*i - 4. What are the prime factors of o(h)?
173
Let c = -360 - -695. Let a = c + -122. List the prime factors of a.
3, 71
Suppose -64*s + 583018 + 963798 = 0. List the prime factors of s.
24169
Let w be -3 + (-60)/(-25) + 194/(-10). Let a be (-2*(-5)/w)/(4/(-424)). Suppose 3*r - a = 64. What are the prime factors of r?
3, 13
Let o(i) = 29*i - 15. Let h(k) be the first derivative of -3*k**2/2 - 20*k + 29. Let v be h(-8). What are the prime factors of o(v)?
101
What are the prime factors of (-191572)/(-10) + 29/1160*(-1 + -7)?
19157
Let p = 226 + -219. What are the prime factors of 343 - p - (-1 + -3)?
2, 5, 17
Suppose 4*l - 5*g = 689, 0 = 48*l - 51*l - g + 512. What are the prime factors of l*4/6 - (-10)/(-2)?
109
Suppose -34*l + 131279 = -434379. List the prime factors of l.
127, 131
Let c = -536 - -313. Let y = 780 + c. What are the prime factors of y?
557
Suppose 50 = -5*d - 4*w - 130, 3*w - 144 = 4*d. What are the prime factors of d + 34 + -1 + 478?
5, 19
Suppose 0 = 8*l - 24 - 16. Suppose -2*q + 422 = -3*m, l*q - 2*m = -m + 1042. What are the prime factors of q?
2, 13
Let n = 0 + -13. Let x be 4/(n/3 - -5). Suppose x*z - 37 = 95. What are the prime factors of z?
2, 11
Suppose 24*o - 25*o = -717. Suppose 2*f - o = -u, f = 5*u + 2*f - 3594. List the prime factors of u.
719
Let l = -7136 - -22677. List the prime factors of l.
15541
Suppose 4*p + 3*x = 156657, -31*p = -33*p + 4*x + 78290. What are the prime factors of p?
3, 19, 229
Let k(m) = 270*m + 8. Let i be k(-7). Let g = i + 2685. List the prime factors of g.
11, 73
Let i(b) = -11*b - 27. Let q be i(-3). Suppose q*l = 491 + 871. What are the prime factors of l?
227
Suppose 0 = y - 4*s - 10, y + 3*y = 2*s + 12. Suppose 3*h + y*r = -13, -h + 2 = -2*r - 7. What are the prime factors of (5 - (-5 - -12)) + (-47)/h?
3, 5
Suppose 4*x - 22 - 18 = -3*z, -4*z - 20 = -2*x. Suppose x*y = 36 + 14. Suppose -y*j - 4*r + 1204 = 0, -j - 46 = 5*r - 291. What are the prime factors of j?
2, 3, 5
Suppose 8*a - 19470 = 3*a. Suppose 0 = -5*m + 301 + a. Suppose 4*b - 6*b + 10 = 0, -5*b - m = -4*s. List the prime factors of s.
2, 3
What are the prime factors of 17770 + (-15)/150*-110?
3, 5927
Let l(n) = -2*n**2 + 17*n + 20. Let g = -51 + 60. Let x be l(g). List the prime factors of (-23 + x)*((-6)/(-4))/(-1).
2, 3
List the prime factors of (-323)/969 + (-70471)/(-3).
2, 3, 5, 29
Let z = 156 + 1. List the prime factors of 3/(-2 - 78/(-30)) + z.
2, 3
Suppose 6307074 = -113*u + 367*u. List the prime factors of u.
3, 31, 89
Let s = 814 + -821. Let f(c) = -185*c - 20. List the prime factors of f(s).
3, 5, 17
Suppose 0 = 8*u + u + 369. Let i = u - -43. What are the prime factors of ((-10)/i)/((-2)/18)?
3, 5
Suppose 5068 = 4*x + 4*w, 3*x + 5*w - 1045 = 2760. Suppose x = 9*d - 1309. List the prime factors of d.
2, 11, 13
List the prime factors of (-3 + 1)/((-5)/197365*-7*-2).
5639
Let z = -45 - -460. Suppose -z*u = -430*u + 17490. What are the prime factors of u?
2, 11, 53
Let m(l) = l**3 - l**2 - 10*l - 4. Let u be m(4). Suppose -5*p - u*k = -2*k - 243, -k = -p + 50. Suppose -d + 95 = -p. What are the prime factors of d?
2, 3
Suppose 21*c = 23*c - 4. Suppose -154*g + 157*g = c*m + 3281, g - 1083 = -2*m. List the prime factors of g.
1091
Let w be (-3970)/(-6) + (-6)/9. Let q = w + -445. Let f = -146 + q. List the prime factors of f.
2, 5, 7
Let h = 72 + -67. Suppose -h*w - 5*q - 21 = 14, 0 = -4*q - 20. List the prime factors of w/(0 + (156/164 - 1)).
41
Let k(p) = p**2 + 14*p + 27. Let s be k(-12). Suppose 3*f = -s*v + 396, 96 + 159 = 2*f - v. List the prime factors of (5 - 9 - 1)*f/(-5).
3, 43
Let z(f) = 15*f - 7. Let i(d) = d**2 - 1. Let c(p) = 2*i(p) - z(p). Let r be c(10). Suppose -3 = x - r. List the prime factors of x.
2, 13
Let y(b) = -b**3 - 3*b**2 - b + 2. Let h be y(-3). Let s(w) = w. Let z(t) = t**3 - 10*t**2 + 11*t. Let q(j) = h*s(j) - z(j). List the prime factors of q(6).
2, 3
Let i = -921 - -34. Let l = 1307 + i. List the prime factors of l.
2, 3, 5, 7
Suppose 0 = -61*v + 64*v - 15. Suppose c = -0*c + v*c. Suppose p - 39 - 59 = c. List the prime factors of p.
2, 7
Suppose 338*f + 14 = 339*f. Let b(c) = -2*c**2 + 27*c + 24. List the prime factors of b(f).
2, 5
Suppose -2*g + 93138 = 2*y, -2*y - 2 = 8. List the prime factors of g.
2, 11, 29, 73
Suppose 0 = -11*t - 12*t. Suppose t = 2*f - z - 1624, 2*f - f + z = 806. List the prime factors of f.
2, 3, 5
Let y(z) = -z**2 - 11*z + 1390. Let q be y(-42). Suppose -827 = -3*p - 140. Let c = p - q. List the prime factors of c.
3, 47
Suppose 131*o = -38*o + 1215731 + 444694. What are the prime factors of o?
3, 5, 131
Let g = -12071 + 20926. What are the prime factors of g?
5, 7, 11, 23
Let c(b) = b**3 - b**2 + b - 6. Suppose -5*x + 24 = -31. Suppose 0 = 12*w - x*w - 4. What are the prime factors of c(w)?
2, 23
Let f(w) = 168*w + 742. List the prime factors of f(93).
2, 7, 167
Suppose 27*r = 221*r - 1531133 - 2078237. What are the prime factors of r?
5, 61
What are the prime factors of 4149*8/(64/8)?
3, 461
Suppose -60*i + 1248 = -56*i. Suppose 0 = 3*k - 4*s - 999 - i, 0 = k + 2*s - 427. List the prime factors of k.
433
Let p = -11340 + 43099. List the prime factors of p.
7, 13, 349
Let y(b) = 6*b - 7. Let w be y(2). Suppose -3*q + 9 = 0, -w*f + 4*q + 23 + 90 = 0. Suppose -4*l = -51 - f. What are the prime factors of l?
19
Suppose -2*g - 4*c = -478, 2*c = -4 - 0. Let n = 556 - g. List the prime factors of n.
313
What are the prime factors of (-3 + -43)*(4767/(-14))/3?
23, 227
Let z = 7923 - 3409. What are the prime factors of z?
2, 37, 61
Let f(h) = 57*h**2 - 9*h + 4. Let i(p) = 56*p**2 - 9*p + 3. Let d(t) = -4*f(t) + 5*i(t). List the prime factors of d(-3).
2, 13, 19
Suppose -74 = -i + 15. Let r = 88 - i. What are the prime factors of (-1 - (-117 + -3 - -1)) + r?
3, 13
Let j(g) = 14*g**2 + 2*g - 3. Let o(x) = x**3 + 11*x**2 - x - 7. Let q(k) = -k**3 - 3*k - 11. Let n be q(0). Let y be o(n). What are the prime factors of j(y)?
229
Let s be (-1)/2 + (-65)/(-10). Suppose s*m + 118 = 478. Suppose 3*u - m = -u. List the prime factors of u.
3, 5
Let o(r) = r**3 - 15*r**2 - 214*r - 52. Let h be o(24). Let c(m) = 60*m - 8. Let z(n) = 30*n - 4. Let x(w) = 2*c(w) - 5*z(w). List the prime factors of x(h).
2, 31
Suppose 0 = s - 3, -b = -3*b + s - 369. Let k = 114 + b. Let l = k - -157. What are the prime factors of l?
2, 11
Suppose 4*c - 270 = 7*c. Suppose 526 - 58 = 3*q. Let p = q + c. What are the prime factors of p?
2, 3, 11
Let n(k) = 634*k + 1264. 